{"id":311,"date":"2023-05-22T14:08:11","date_gmt":"2023-05-22T14:08:11","guid":{"rendered":"https:\/\/www.alenriscos.uevora.pt\/?page_id=311"},"modified":"2023-05-22T16:41:09","modified_gmt":"2023-05-22T16:41:09","slug":"objetivos","status":"publish","type":"page","link":"https:\/\/www.alenriscos.uevora.pt\/index.php\/objetivos\/","title":{"rendered":"Objetivos"},"content":{"rendered":"\n<p>&#8211; Desenvolver avalia\u00e7\u00e3o diagn\u00f3stica atrav\u00e9s de pesquisa, ao n\u00edvel regional, sobre os h\u00e1bitos, comportamentos de risco, consumo de \u00e1lcool, tabaco e outras drogas nos adolescentes em idade escolar;<\/p>\n\n\n\n<p>&#8211; Produzir um referencial emp\u00edrico que permita, o acompanhamento e monitoriza\u00e7\u00e3o do fen\u00f3meno do consumo e comportamentos de risco entre esta popula\u00e7\u00e3o;<\/p>\n\n\n\n<p>&#8211; Fornecer um conhecimento das realidades regionais que permita a adequa\u00e7\u00e3o de projetos de preven\u00e7\u00e3o \u00e0s caracter\u00edsticas reais do problema;<\/p>\n\n\n\n<p>&#8211; Identificar novos padr\u00f5es de consumo e depend\u00eancias entre a popula\u00e7\u00e3o escolar;<\/p>\n\n\n\n<p>&#8211; Definir, a partir da carateriza\u00e7\u00e3o obtida, estrat\u00e9gias de interven\u00e7\u00e3o;<\/p>\n\n\n\n<p>&#8211; Explorar as possibilidades de trabalho em rede com interlocutores que dinamizem interven\u00e7\u00f5es em meio escolar, nomeadamente na \u00e1rea da educa\u00e7\u00e3o e promo\u00e7\u00e3o da sa\u00fade;<\/p>\n\n\n\n<p>&#8211; Aumentar a efic\u00e1cia das medidas de redu\u00e7\u00e3o e preven\u00e7\u00e3o do consumo de drogas, melhorando a capacidade e a qualidade das interven\u00e7\u00f5es;<\/p>\n","protected":false},"excerpt":{"rendered":"<p>&#8211; Desenvolver avalia\u00e7\u00e3o diagn\u00f3stica atrav\u00e9s de pesquisa, ao n\u00edvel regional, sobre os h\u00e1bitos, comportamentos de risco, consumo de \u00e1lcool, tabaco e outras drogas nos adolescentes em idade escolar; &#8211; Produzir um referencial emp\u00edrico que permita, o acompanhamento e monitoriza\u00e7\u00e3o do fen\u00f3meno do consumo e comportamentos de risco entre esta popula\u00e7\u00e3o; &#8211; Fornecer um conhecimento das [&hellip;]<\/p>\n","protected":false},"author":5,"featured_media":428,"parent":0,"menu_order":0,"comment_status":"closed","ping_status":"closed","template":"","meta":{"footnotes":""},"class_list":["post-311","page","type-page","status-publish","has-post-thumbnail","hentry"],"_links":{"self":[{"href":"https:\/\/www.alenriscos.uevora.pt\/index.php\/wp-json\/wp\/v2\/pages\/311","targetHints":{"allow":["GET"]}}],"collection":[{"href":"https:\/\/www.alenriscos.uevora.pt\/index.php\/wp-json\/wp\/v2\/pages"}],"about":[{"href":"https:\/\/www.alenriscos.uevora.pt\/index.php\/wp-json\/wp\/v2\/types\/page"}],"author":[{"embeddable":true,"href":"https:\/\/www.alenriscos.uevora.pt\/index.php\/wp-json\/wp\/v2\/users\/5"}],"replies":[{"embeddable":true,"href":"https:\/\/www.alenriscos.uevora.pt\/index.php\/wp-json\/wp\/v2\/comments?post=311"}],"version-history":[{"count":1,"href":"https:\/\/www.alenriscos.uevora.pt\/index.php\/wp-json\/wp\/v2\/pages\/311\/revisions"}],"predecessor-version":[{"id":314,"href":"https:\/\/www.alenriscos.uevora.pt\/index.php\/wp-json\/wp\/v2\/pages\/311\/revisions\/314"}],"wp:featuredmedia":[{"embeddable":true,"href":"https:\/\/www.alenriscos.uevora.pt\/index.php\/wp-json\/wp\/v2\/media\/428"}],"wp:attachment":[{"href":"https:\/\/www.alenriscos.uevora.pt\/index.php\/wp-json\/wp\/v2\/media?parent=311"}],"curies":[{"name":"wp","href":"https:\/\/api.w.org\/{rel}","templated":true}]}}